{"id":82,"date":"2020-08-30T17:01:26","date_gmt":"2020-08-30T15:01:26","guid":{"rendered":"http:\/\/carbon-lean.com\/?page_id=82"},"modified":"2021-03-29T08:16:41","modified_gmt":"2021-03-29T06:16:41","slug":"commandez","status":"publish","type":"page","link":"https:\/\/www.carbon-lean.com\/index.php\/commandez\/","title":{"rendered":"Re-commandez l&rsquo;Edition 1 &#8211; ou pr\u00e9-commandez l&rsquo;Edition 2 !"},"content":{"rendered":"\n<p>Vous avez rat\u00e9 la <a href=\"http:\/\/carbon-lean.com\/index.php\/la-campagne\/\" data-type=\"page\" data-id=\"83\">campagne participative<\/a> ?  <\/p>\n\n\n\n<h2 class=\"wp-block-heading\">Achetez l&rsquo;Edition 1<\/h2>\n\n\n\n<p>NEW: <strong>Nous avons r\u00e9-\u00e9dit\u00e9 l&rsquo;Edition 1, en format \u00ab\u00a0bo\u00eete \u00e9tui\u00a0\u00bb <\/strong>! Les cartes sont identiques. <\/p>\n\n\n\n<figure class=\"wp-block-image size-large\"><img loading=\"lazy\" decoding=\"async\" width=\"480\" height=\"640\" src=\"http:\/\/www.carbon-lean.com\/wp-content\/uploads\/2021\/01\/boite_etui.jpg\" alt=\"\" class=\"wp-image-402\" srcset=\"https:\/\/www.carbon-lean.com\/wp-content\/uploads\/2021\/01\/boite_etui.jpg 480w, https:\/\/www.carbon-lean.com\/wp-content\/uploads\/2021\/01\/boite_etui-225x300.jpg 225w\" sizes=\"auto, (max-width: 480px) 100vw, 480px\" \/><\/figure>\n\n\n\n<figure class=\"wp-block-image size-large\"><img loading=\"lazy\" decoding=\"async\" width=\"960\" height=\"540\" src=\"http:\/\/www.carbon-lean.com\/wp-content\/uploads\/2021\/01\/1642036C-5C90-48AA-B1AB-C4D5FA21BFB5-edited.jpeg\" alt=\"\" class=\"wp-image-408\" srcset=\"https:\/\/www.carbon-lean.com\/wp-content\/uploads\/2021\/01\/1642036C-5C90-48AA-B1AB-C4D5FA21BFB5-edited.jpeg 960w, https:\/\/www.carbon-lean.com\/wp-content\/uploads\/2021\/01\/1642036C-5C90-48AA-B1AB-C4D5FA21BFB5-edited-600x338.jpeg 600w, https:\/\/www.carbon-lean.com\/wp-content\/uploads\/2021\/01\/1642036C-5C90-48AA-B1AB-C4D5FA21BFB5-edited-300x169.jpeg 300w, https:\/\/www.carbon-lean.com\/wp-content\/uploads\/2021\/01\/1642036C-5C90-48AA-B1AB-C4D5FA21BFB5-edited-768x432.jpeg 768w\" sizes=\"auto, (max-width: 960px) 100vw, 960px\" \/><\/figure>\n\n\n\n<p>Le jeu est disponible au prix de <strong>15 euros<\/strong>, <strong>20 euros avec frais de port<\/strong> en France M\u00e9tropolitaine.  <br><strong>Pour le commander, <a href=\"https:\/\/www.carbon-lean.com\/index.php\/produit\/carbon-lean-jeu-de-cartes\/\">acc\u00e9dez directement \u00e0 notre boutique<\/a> !<\/strong><\/p>\n\n\n<div data-block-name=\"woocommerce\/featured-product\" data-edit-mode=\"false\" data-product-id=\"423\" class=\"wc-block-featured-product alignnone has-background-dim wp-block-woocommerce-featured-product\" style=\"min-height:500px;\"><div class=\"wc-block-featured-product__wrapper\"><div class=\"background-dim__overlay\" style=\"background-color: #000000\"><\/div><img decoding=\"async\" alt=\"1 Jeu Carbon Lean (bo\u00eete cloche)\" class=\"wc-block-featured-product__background-image\" src=\"https:\/\/www.carbon-lean.com\/wp-content\/uploads\/2021\/03\/IMG_6854-768x1024.png\" style=\"object-fit: none;object-position: 50% 50%;\" \/><h2 class=\"wc-block-featured-product__title\">1 Jeu Carbon Lean (bo\u00eete cloche)<\/h2><div class=\"wc-block-featured-product__description\"><p><span>D\u00e9couvrez votre impact carbone en vous amusant ! <\/span><\/p>\n<p><span>A partir de <\/span><span><strong>8 ans<\/strong><\/span><span>, de <\/span><span><strong>2 \u00e0 4 joueur<\/strong><\/span><span>s, dur\u00e9e d\u2019une partie: <\/span><span><strong>20 minutes. <\/strong><\/span>Jeu de 72 cartes, format poker. Bo\u00eete Cloche.<\/p>\n<p>Frais de port non compris (6,1\u20ac en France M\u00e9tropolitaine).<br \/>\n<strong>\u00c9dition 3 pr\u00eate (bo\u00eete cloche) ! \u00a0livraisons \u00e0 partir de Juillet 2024. <\/strong><\/p>\n<\/div><div class=\"wc-block-featured-product__price\"><span class=\"woocommerce-Price-amount amount\">16,00<span class=\"woocommerce-Price-currencySymbol\">&euro;<\/span><\/span><\/div><div class=\"wc-block-featured-product__link\">\n\n<div class=\"wp-block-button aligncenter\"><a class=\"wp-block-button__link\" href=\"https:\/\/www.carbon-lean.com\/index.php\/produit\/carbon-lean-jeu-de-cartes\/\">Acheter maintenant<\/a><\/div>\n\n<\/div><\/div><\/div>\n\n\n<h2 class=\"wp-block-heading\">Pr\u00e9-commandez l&rsquo;Edition 2<\/h2>\n\n\n\n<p>Vous pouvez aussi contribuer \u00e0 notre projet pour nous aider \u00e0 fabriquer l&rsquo;<strong>Edition 2 du jeu<\/strong>. Nous ferons quelques am\u00e9liorations bas\u00e9es sur vos retours. Vous recevrez votre jeu en Mai 2021. <\/p>\n\n\n\n<p> Toutes les informations sont sur <a rel=\"noreferrer noopener\" href=\"https:\/\/www.okpal.com\/carbon-lean\/#\" target=\"_blank\">notre page OKPal<\/a> : <\/p>\n\n\n<p><iframe loading=\"lazy\" width=\"230\" height=\"300\" src=\"https:\/\/www.okpal.com\/projects\/01EP1PXB2DQX9WKFD0DYEP8FKQ\/widget\" frameborder=\"0\" scrolling=\"no\"><\/iframe><\/p>\n\n\n\n<p><\/p>\n","protected":false},"excerpt":{"rendered":"<p>Vous avez rat\u00e9 la campagne participative ? Achetez l&rsquo;Edition 1 NEW: Nous avons r\u00e9-\u00e9dit\u00e9 l&rsquo;Edition 1, en format \u00ab\u00a0bo\u00eete \u00e9tui\u00a0\u00bb ! Les cartes sont identiques. Le jeu est disponible au prix de 15 euros, 20 euros avec frais de port en France M\u00e9tropolitaine. Pour le commander, acc\u00e9dez directement \u00e0 notre [&hellip;]<\/p>\n","protected":false},"author":1,"featured_media":0,"parent":0,"menu_order":0,"comment_status":"closed","ping_status":"closed","template":"","meta":{"footnotes":""},"categories":[13],"tags":[],"class_list":["post-82","page","type-page","status-publish","hentry","category-site"],"_links":{"self":[{"href":"https:\/\/www.carbon-lean.com\/index.php\/wp-json\/wp\/v2\/pages\/82","targetHints":{"allow":["GET"]}}],"collection":[{"href":"https:\/\/www.carbon-lean.com\/index.php\/wp-json\/wp\/v2\/pages"}],"about":[{"href":"https:\/\/www.carbon-lean.com\/index.php\/wp-json\/wp\/v2\/types\/page"}],"author":[{"embeddable":true,"href":"https:\/\/www.carbon-lean.com\/index.php\/wp-json\/wp\/v2\/users\/1"}],"replies":[{"embeddable":true,"href":"https:\/\/www.carbon-lean.com\/index.php\/wp-json\/wp\/v2\/comments?post=82"}],"version-history":[{"count":12,"href":"https:\/\/www.carbon-lean.com\/index.php\/wp-json\/wp\/v2\/pages\/82\/revisions"}],"predecessor-version":[{"id":459,"href":"https:\/\/www.carbon-lean.com\/index.php\/wp-json\/wp\/v2\/pages\/82\/revisions\/459"}],"wp:attachment":[{"href":"https:\/\/www.carbon-lean.com\/index.php\/wp-json\/wp\/v2\/media?parent=82"}],"wp:term":[{"taxonomy":"category","embeddable":true,"href":"https:\/\/www.carbon-lean.com\/index.php\/wp-json\/wp\/v2\/categories?post=82"},{"taxonomy":"post_tag","embeddable":true,"href":"https:\/\/www.carbon-lean.com\/index.php\/wp-json\/wp\/v2\/tags?post=82"}],"curies":[{"name":"wp","href":"https:\/\/api.w.org\/{rel}","templated":true}]}}