{"id":636,"date":"2021-05-31T17:11:27","date_gmt":"2021-05-31T15:11:27","guid":{"rendered":"https:\/\/www.carbon-lean.com\/?page_id=636"},"modified":"2021-05-31T17:11:28","modified_gmt":"2021-05-31T15:11:28","slug":"nos-references-clients","status":"publish","type":"page","link":"https:\/\/www.carbon-lean.com\/index.php\/nos-references-clients\/","title":{"rendered":"Nos r\u00e9f\u00e9rences clients"},"content":{"rendered":"\n<div class=\"wp-block-themeisle-blocks-advanced-columns alignfull has-1-columns has-desktop-equal-layout has-tablet-equal-layout has-mobile-equal-layout has-default-gap has-vertical-unset\" id=\"wp-block-themeisle-blocks-advanced-columns-625d1790\"><div class=\"wp-block-themeisle-blocks-advanced-columns-overlay\"><\/div><div class=\"innerblocks-wrap\">\n<div class=\"wp-block-themeisle-blocks-advanced-column\" id=\"wp-block-themeisle-blocks-advanced-column-9dc399e8\">\n<h5 id=\"wp-block-themeisle-blocks-advanced-heading-1758c779\" class=\"wp-block-themeisle-blocks-advanced-heading wp-block-themeisle-blocks-advanced-heading-1758c779\">Suite au financement de notre premi\u00e8re \u00e9dition du jeu, quelques clients bien connus nous ont d\u00e9j\u00e0 fait confiance! <\/h5>\n\n\n\n<div class=\"wp-block-themeisle-blocks-advanced-columns has-4-columns has-desktop-equal-layout has-tablet-equal-layout has-mobile-collapsedRows-layout has-nogap-gap has-vertical-unset\" id=\"wp-block-themeisle-blocks-advanced-columns-424842c5\"><div class=\"wp-block-themeisle-blocks-advanced-columns-overlay\"><\/div><div class=\"innerblocks-wrap\">\n<div class=\"wp-block-themeisle-blocks-advanced-column\" id=\"wp-block-themeisle-blocks-advanced-column-f1ca934c\">\n<div class=\"wp-block-image\"><figure class=\"aligncenter size-large is-resized\"><img loading=\"lazy\" decoding=\"async\" src=\"https:\/\/www.carbon-lean.com\/wp-content\/uploads\/2021\/05\/LOGO-LBP-2019-filet.jpg\" alt=\"\" class=\"wp-image-638\" width=\"142\" height=\"142\" srcset=\"https:\/\/www.carbon-lean.com\/wp-content\/uploads\/2021\/05\/LOGO-LBP-2019-filet.jpg 566w, https:\/\/www.carbon-lean.com\/wp-content\/uploads\/2021\/05\/LOGO-LBP-2019-filet-300x300.jpg 300w, https:\/\/www.carbon-lean.com\/wp-content\/uploads\/2021\/05\/LOGO-LBP-2019-filet-150x150.jpg 150w, https:\/\/www.carbon-lean.com\/wp-content\/uploads\/2021\/05\/LOGO-LBP-2019-filet-160x160.jpg 160w\" sizes=\"auto, (max-width: 142px) 100vw, 142px\" \/><\/figure><\/div>\n\n\n\n<h3 id=\"wp-block-themeisle-blocks-advanced-heading-4d36539d\" class=\"wp-block-themeisle-blocks-advanced-heading wp-block-themeisle-blocks-advanced-heading-4d36539d\">La Banque Postale<\/h3>\n\n\n\n<h6 id=\"wp-block-themeisle-blocks-advanced-heading-5f7700fa\" class=\"wp-block-themeisle-blocks-advanced-heading wp-block-themeisle-blocks-advanced-heading-5f7700fa\"><strong>Sensibilisation des collaborateurs<\/strong><\/h6>\n\n\n\n<p id=\"wp-block-themeisle-blocks-advanced-heading-d4b53e86\" class=\"wp-block-themeisle-blocks-advanced-heading wp-block-themeisle-blocks-advanced-heading-d4b53e86\">Nous avons collabor\u00e9 pour une \u00e9dition sp\u00e9ciale du jeu, avec une bo\u00eete \u00e9tui personnalis\u00e9e comprenant l&rsquo;int\u00e9gration du logo de La Banque Postale. Ce projet a support\u00e9 une op\u00e9ration de communication interne.<br><br><br><br><\/p>\n\n\n\n<div id=\"wp-block-themeisle-blocks-button-group-59635be3\" class=\"wp-block-themeisle-blocks-button-group wp-block-buttons align-center\"><\/div>\n<\/div>\n\n\n\n<div class=\"wp-block-themeisle-blocks-advanced-column\" id=\"wp-block-themeisle-blocks-advanced-column-277e78ad\">\n<div class=\"wp-block-image\"><figure class=\"aligncenter size-large is-resized\"><img loading=\"lazy\" decoding=\"async\" src=\"https:\/\/www.carbon-lean.com\/wp-content\/uploads\/2021\/05\/engie.png\" alt=\"\" class=\"wp-image-637\" width=\"200\" height=\"142\" srcset=\"https:\/\/www.carbon-lean.com\/wp-content\/uploads\/2021\/05\/engie.png 1000w, https:\/\/www.carbon-lean.com\/wp-content\/uploads\/2021\/05\/engie-300x215.png 300w, https:\/\/www.carbon-lean.com\/wp-content\/uploads\/2021\/05\/engie-768x550.png 768w, https:\/\/www.carbon-lean.com\/wp-content\/uploads\/2021\/05\/engie-600x430.png 600w\" sizes=\"auto, (max-width: 200px) 100vw, 200px\" \/><\/figure><\/div>\n\n\n\n<h3 id=\"wp-block-themeisle-blocks-advanced-heading-13aca161\" class=\"wp-block-themeisle-blocks-advanced-heading wp-block-themeisle-blocks-advanced-heading-13aca161\">Engie<\/h3>\n\n\n\n<h6 id=\"wp-block-themeisle-blocks-advanced-heading-f1c6adc3\" class=\"wp-block-themeisle-blocks-advanced-heading wp-block-themeisle-blocks-advanced-heading-f1c6adc3\">Sensibiliation des clients<\/h6>\n\n\n\n<p id=\"wp-block-themeisle-blocks-advanced-heading-cf8c2d4a\" class=\"wp-block-themeisle-blocks-advanced-heading wp-block-themeisle-blocks-advanced-heading-cf8c2d4a\">Engie nous a sollicit\u00e9 pour mettre Carbon Lean \u00e0 disposition de leurs clients, dans le cadre de leur programme de fid\u00e9lit\u00e9.<br><br><br><br><br><br><\/p>\n\n\n\n<div id=\"wp-block-themeisle-blocks-button-group-d9eea497\" class=\"wp-block-themeisle-blocks-button-group wp-block-buttons align-center\"><\/div>\n<\/div>\n\n\n\n<div class=\"wp-block-themeisle-blocks-advanced-column\" id=\"wp-block-themeisle-blocks-advanced-column-87791332\">\n<div class=\"wp-block-image\"><figure class=\"aligncenter size-large is-resized\"><img loading=\"lazy\" decoding=\"async\" src=\"https:\/\/www.carbon-lean.com\/wp-content\/uploads\/2020\/08\/ensiie_logo_square_EvryCourcouronnes.png\" alt=\"\" class=\"wp-image-104\" width=\"142\" height=\"142\" srcset=\"https:\/\/www.carbon-lean.com\/wp-content\/uploads\/2020\/08\/ensiie_logo_square_EvryCourcouronnes.png 708w, https:\/\/www.carbon-lean.com\/wp-content\/uploads\/2020\/08\/ensiie_logo_square_EvryCourcouronnes-160x160.png 160w, https:\/\/www.carbon-lean.com\/wp-content\/uploads\/2020\/08\/ensiie_logo_square_EvryCourcouronnes-600x600.png 600w, https:\/\/www.carbon-lean.com\/wp-content\/uploads\/2020\/08\/ensiie_logo_square_EvryCourcouronnes-300x300.png 300w, https:\/\/www.carbon-lean.com\/wp-content\/uploads\/2020\/08\/ensiie_logo_square_EvryCourcouronnes-150x150.png 150w\" sizes=\"auto, (max-width: 142px) 100vw, 142px\" \/><\/figure><\/div>\n\n\n\n<h3 id=\"wp-block-themeisle-blocks-advanced-heading-73ca1b4a\" class=\"wp-block-themeisle-blocks-advanced-heading wp-block-themeisle-blocks-advanced-heading-73ca1b4a\">ENSIIE<\/h3>\n\n\n\n<h6 id=\"wp-block-themeisle-blocks-advanced-heading-02fc71aa\" class=\"wp-block-themeisle-blocks-advanced-heading wp-block-themeisle-blocks-advanced-heading-02fc71aa\">Sensibilisation des \u00e9tudiants<\/h6>\n\n\n\n<p id=\"wp-block-themeisle-blocks-advanced-heading-b88ed836\" class=\"wp-block-themeisle-blocks-advanced-heading wp-block-themeisle-blocks-advanced-heading-b88ed836\">L&rsquo;\u00c9cole Nationale Sup\u00e9rieure d&rsquo;Informatique pour l&rsquo;Industrie et l&rsquo;Entreprise a souhait\u00e9 une version personnalis\u00e9e du jeu, dans une bo\u00eete rigide fa\u00e7onn\u00e9e \u00e0 la main et en France! Cette \u00e9dition sp\u00e9ciale s&rsquo;inscrivait dans le cadre d&rsquo;un projet de communication interne.<\/p>\n\n\n\n<div id=\"wp-block-themeisle-blocks-button-group-a9728c3b\" class=\"wp-block-themeisle-blocks-button-group wp-block-buttons align-center\"><\/div>\n<\/div>\n\n\n\n<div class=\"wp-block-themeisle-blocks-advanced-column\" id=\"wp-block-themeisle-blocks-advanced-column-f4405f46\">\n<div class=\"wp-block-image\"><figure class=\"aligncenter size-large is-resized\"><img loading=\"lazy\" decoding=\"async\" src=\"https:\/\/www.carbon-lean.com\/wp-content\/uploads\/2021\/05\/LOGO_SNCF_GROUPE_CMJN-1024x1024.jpg\" alt=\"\" class=\"wp-image-639\" width=\"170\" height=\"170\" srcset=\"https:\/\/www.carbon-lean.com\/wp-content\/uploads\/2021\/05\/LOGO_SNCF_GROUPE_CMJN-1024x1024.jpg 1024w, https:\/\/www.carbon-lean.com\/wp-content\/uploads\/2021\/05\/LOGO_SNCF_GROUPE_CMJN-300x300.jpg 300w, https:\/\/www.carbon-lean.com\/wp-content\/uploads\/2021\/05\/LOGO_SNCF_GROUPE_CMJN-150x150.jpg 150w, https:\/\/www.carbon-lean.com\/wp-content\/uploads\/2021\/05\/LOGO_SNCF_GROUPE_CMJN-768x768.jpg 768w, https:\/\/www.carbon-lean.com\/wp-content\/uploads\/2021\/05\/LOGO_SNCF_GROUPE_CMJN-1536x1536.jpg 1536w, https:\/\/www.carbon-lean.com\/wp-content\/uploads\/2021\/05\/LOGO_SNCF_GROUPE_CMJN-2048x2048.jpg 2048w, https:\/\/www.carbon-lean.com\/wp-content\/uploads\/2021\/05\/LOGO_SNCF_GROUPE_CMJN-600x600.jpg 600w, https:\/\/www.carbon-lean.com\/wp-content\/uploads\/2021\/05\/LOGO_SNCF_GROUPE_CMJN-160x160.jpg 160w\" sizes=\"auto, (max-width: 170px) 100vw, 170px\" \/><\/figure><\/div>\n\n\n\n<h3 id=\"wp-block-themeisle-blocks-advanced-heading-a9804067\" class=\"wp-block-themeisle-blocks-advanced-heading wp-block-themeisle-blocks-advanced-heading-a9804067\">SNCF<\/h3>\n\n\n\n<h6 id=\"wp-block-themeisle-blocks-advanced-heading-3ebebe6e\" class=\"wp-block-themeisle-blocks-advanced-heading wp-block-themeisle-blocks-advanced-heading-3ebebe6e\">R\u00e9compense pour concours interne<\/h6>\n\n\n\n<p id=\"wp-block-themeisle-blocks-advanced-heading-07617815\" class=\"wp-block-themeisle-blocks-advanced-heading wp-block-themeisle-blocks-advanced-heading-07617815\">Suite \u00e0 l&rsquo;organisation d&rsquo;un concours \u00e0 destination de ses employ\u00e9s, la SNCF nous a pass\u00e9 commande de plusieurs jeu pour r\u00e9compenser les gagnants!<br><br><br><\/p>\n\n\n\n<div id=\"wp-block-themeisle-blocks-button-group-e54cdee1\" class=\"wp-block-themeisle-blocks-button-group wp-block-buttons align-center\"><\/div>\n<\/div>\n<\/div><\/div>\n\n\n\n<p><\/p>\n<\/div>\n<\/div><\/div>\n\n\n\n<p><\/p>\n","protected":false},"excerpt":{"rendered":"","protected":false},"author":3,"featured_media":0,"parent":0,"menu_order":0,"comment_status":"closed","ping_status":"closed","template":"","meta":{"footnotes":""},"categories":[],"tags":[],"class_list":["post-636","page","type-page","status-publish","hentry"],"_links":{"self":[{"href":"https:\/\/www.carbon-lean.com\/index.php\/wp-json\/wp\/v2\/pages\/636","targetHints":{"allow":["GET"]}}],"collection":[{"href":"https:\/\/www.carbon-lean.com\/index.php\/wp-json\/wp\/v2\/pages"}],"about":[{"href":"https:\/\/www.carbon-lean.com\/index.php\/wp-json\/wp\/v2\/types\/page"}],"author":[{"embeddable":true,"href":"https:\/\/www.carbon-lean.com\/index.php\/wp-json\/wp\/v2\/users\/3"}],"replies":[{"embeddable":true,"href":"https:\/\/www.carbon-lean.com\/index.php\/wp-json\/wp\/v2\/comments?post=636"}],"version-history":[{"count":5,"href":"https:\/\/www.carbon-lean.com\/index.php\/wp-json\/wp\/v2\/pages\/636\/revisions"}],"predecessor-version":[{"id":644,"href":"https:\/\/www.carbon-lean.com\/index.php\/wp-json\/wp\/v2\/pages\/636\/revisions\/644"}],"wp:attachment":[{"href":"https:\/\/www.carbon-lean.com\/index.php\/wp-json\/wp\/v2\/media?parent=636"}],"wp:term":[{"taxonomy":"category","embeddable":true,"href":"https:\/\/www.carbon-lean.com\/index.php\/wp-json\/wp\/v2\/categories?post=636"},{"taxonomy":"post_tag","embeddable":true,"href":"https:\/\/www.carbon-lean.com\/index.php\/wp-json\/wp\/v2\/tags?post=636"}],"curies":[{"name":"wp","href":"https:\/\/api.w.org\/{rel}","templated":true}]}}