{"id":62,"date":"2020-10-14T00:13:09","date_gmt":"2020-10-13T22:13:09","guid":{"rendered":"http:\/\/carbon-lean.com\/index.php\/soins\/"},"modified":"2020-10-14T00:13:09","modified_gmt":"2020-10-13T22:13:09","slug":"soins","status":"publish","type":"page","link":"https:\/\/www.carbon-lean.com\/index.php\/soins\/","title":{"rendered":"Soins"},"content":{"rendered":"<h2>Soins : 500\u20ac de d\u00e9penses en services de sant\u00e9<\/h2>\n<p><\/p>\n<h2>Impact Carbone:<\/h2>\n<p><b>60<\/b> kg equivalent CO2 <\/p>\n<h2> D\u00e9tails<\/h2>\n<p>Pour toutes les cartes services (sauf pour la carte services publics), l&rsquo;impact carbone mentionn\u00e9 sur les cartes est estim\u00e9 sur la base de facteurs d&rsquo;\u00e9missions \u00e9tablis par l&rsquo;ADEME. Pour faire simple, un taux d&rsquo;\u00e9mssion de Carbone par \u20ac d\u00e9pens\u00e9 a \u00e9t\u00e9 d\u00e9fini pour 36 cat\u00e9gories de services.<br \/>Pour explorer en d\u00e9tail ce qui se cache derri\u00e8re ses ratios, veuillez vous r\u00e9f\u00e9rer au lien ci-dessous qui vous conduira \u00e0 notre source.<\/p>\n<h2>Source:<\/h2>\n<p>ADEME &#8211; Base Carbone &#8211; Service &#8211; Activit\u00e9s pour la sant\u00e9 humaine<\/p>\n<h3>Lien<\/h3>\n<p><a href=''><\/a><\/p>\n<h3>Autres liens<\/h3>\n<p><a href=''><\/a><br \/><a href=''><\/a><br \/><a href=''><\/a><br \/><a href=''><\/a><br \/><a href=''><\/a><br \/><a href=''><\/a><\/p>\n","protected":false},"excerpt":{"rendered":"<p>Soins : 500\u20ac de d\u00e9penses en services de sant\u00e9 Impact Carbone: 60 kg equivalent CO2 D\u00e9tails Pour toutes les cartes services (sauf pour la carte services publics), l&rsquo;impact carbone mentionn\u00e9 sur les cartes est estim\u00e9 sur la base de facteurs d&rsquo;\u00e9missions \u00e9tablis par l&rsquo;ADEME. Pour faire simple, un taux d&rsquo;\u00e9mssion [&hellip;]<\/p>\n","protected":false},"author":1,"featured_media":0,"parent":0,"menu_order":0,"comment_status":"open","ping_status":"open","template":"","meta":{"footnotes":""},"categories":[2],"tags":[],"class_list":["post-62","page","type-page","status-publish","hentry","category-services"],"_links":{"self":[{"href":"https:\/\/www.carbon-lean.com\/index.php\/wp-json\/wp\/v2\/pages\/62","targetHints":{"allow":["GET"]}}],"collection":[{"href":"https:\/\/www.carbon-lean.com\/index.php\/wp-json\/wp\/v2\/pages"}],"about":[{"href":"https:\/\/www.carbon-lean.com\/index.php\/wp-json\/wp\/v2\/types\/page"}],"author":[{"embeddable":true,"href":"https:\/\/www.carbon-lean.com\/index.php\/wp-json\/wp\/v2\/users\/1"}],"replies":[{"embeddable":true,"href":"https:\/\/www.carbon-lean.com\/index.php\/wp-json\/wp\/v2\/comments?post=62"}],"version-history":[{"count":2,"href":"https:\/\/www.carbon-lean.com\/index.php\/wp-json\/wp\/v2\/pages\/62\/revisions"}],"predecessor-version":[{"id":323,"href":"https:\/\/www.carbon-lean.com\/index.php\/wp-json\/wp\/v2\/pages\/62\/revisions\/323"}],"wp:attachment":[{"href":"https:\/\/www.carbon-lean.com\/index.php\/wp-json\/wp\/v2\/media?parent=62"}],"wp:term":[{"taxonomy":"category","embeddable":true,"href":"https:\/\/www.carbon-lean.com\/index.php\/wp-json\/wp\/v2\/categories?post=62"},{"taxonomy":"post_tag","embeddable":true,"href":"https:\/\/www.carbon-lean.com\/index.php\/wp-json\/wp\/v2\/tags?post=62"}],"curies":[{"name":"wp","href":"https:\/\/api.w.org\/{rel}","templated":true}]}}