{"id":43,"date":"2020-10-14T00:13:06","date_gmt":"2020-10-13T22:13:06","guid":{"rendered":"http:\/\/carbon-lean.com\/index.php\/smartphone\/"},"modified":"2023-02-19T18:25:55","modified_gmt":"2023-02-19T17:25:55","slug":"smartphone","status":"publish","type":"page","link":"https:\/\/www.carbon-lean.com\/index.php\/smartphone\/","title":{"rendered":"Smartphone"},"content":{"rendered":"<h2>Smartphone : 1 smartphone (type iPhone 6\/8)<\/h2>\n<p><\/p>\n<h2>Impact Carbone:<\/h2>\n<p><b>27<\/b> kg equivalent CO2<\/p>\n<h2>D\u00e9tails<\/h2>\n\n\n<figure class=\"wp-block-image size-large\"><img loading=\"lazy\" decoding=\"async\" width=\"1024\" height=\"923\" src=\"https:\/\/www.carbon-lean.com\/wp-content\/uploads\/2023\/02\/Capture-decran-2023-02-19-a-18.19.02-1-1024x923.png\" alt=\"\" class=\"wp-image-844\" srcset=\"https:\/\/www.carbon-lean.com\/wp-content\/uploads\/2023\/02\/Capture-decran-2023-02-19-a-18.19.02-1-1024x923.png 1024w, https:\/\/www.carbon-lean.com\/wp-content\/uploads\/2023\/02\/Capture-decran-2023-02-19-a-18.19.02-1-300x270.png 300w, https:\/\/www.carbon-lean.com\/wp-content\/uploads\/2023\/02\/Capture-decran-2023-02-19-a-18.19.02-1-768x692.png 768w, https:\/\/www.carbon-lean.com\/wp-content\/uploads\/2023\/02\/Capture-decran-2023-02-19-a-18.19.02-1-1536x1385.png 1536w, https:\/\/www.carbon-lean.com\/wp-content\/uploads\/2023\/02\/Capture-decran-2023-02-19-a-18.19.02-1-600x541.png 600w, https:\/\/www.carbon-lean.com\/wp-content\/uploads\/2023\/02\/Capture-decran-2023-02-19-a-18.19.02-1.png 1644w\" sizes=\"auto, (max-width: 1024px) 100vw, 1024px\" \/><figcaption class=\"wp-element-caption\">D\u00e9tail issu de la Base Carbone &#8211; (c) ADEME. Voir lien plus bas.<\/figcaption><\/figure>\n\n\n\n<h2 class=\"wp-block-heading\">Mode de cacul<\/h2>\n\n\n\n<p>Les \u00e9missions sont ici celles g\u00e9n\u00e9r\u00e9es par l&rsquo;ensemble de la chaine de production et distribution du produit. De l&rsquo;extraction des mati\u00e8res premi\u00e8res jusqu&rsquo;\u00e0 la porte du magasin.<\/p>\n\n\n\n<p>L\u2019\u00e9tude ADEME de 2018 \u00ab&nbsp;Mod\u00e9lisation et \u00e9valuation ACV des produits de consommation et biens d\u2019\u00e9quipement&nbsp;\u00bb a \u00e9valu\u00e9, selon les recommandations ILCD 2011, l\u2019impact carbone de diff\u00e9rents \u00e9quipements informatiques, audio et vid\u00e9o &#8211; en voici un extrait :&nbsp;<\/p>\n\n\n\n<figure class=\"wp-block-image size-large\"><img loading=\"lazy\" decoding=\"async\" width=\"1024\" height=\"673\" src=\"https:\/\/www.carbon-lean.com\/wp-content\/uploads\/2023\/02\/Capture-decran-2023-02-19-a-18.12.32-1024x673.png\" alt=\"\" class=\"wp-image-842\" srcset=\"https:\/\/www.carbon-lean.com\/wp-content\/uploads\/2023\/02\/Capture-decran-2023-02-19-a-18.12.32-1024x673.png 1024w, https:\/\/www.carbon-lean.com\/wp-content\/uploads\/2023\/02\/Capture-decran-2023-02-19-a-18.12.32-300x197.png 300w, https:\/\/www.carbon-lean.com\/wp-content\/uploads\/2023\/02\/Capture-decran-2023-02-19-a-18.12.32-768x505.png 768w, https:\/\/www.carbon-lean.com\/wp-content\/uploads\/2023\/02\/Capture-decran-2023-02-19-a-18.12.32-1536x1010.png 1536w, https:\/\/www.carbon-lean.com\/wp-content\/uploads\/2023\/02\/Capture-decran-2023-02-19-a-18.12.32-600x394.png 600w, https:\/\/www.carbon-lean.com\/wp-content\/uploads\/2023\/02\/Capture-decran-2023-02-19-a-18.12.32.png 1740w\" sizes=\"auto, (max-width: 1024px) 100vw, 1024px\" \/><figcaption class=\"wp-element-caption\"><em>Extrait de l\u2019\u00e9tude ACV ADEME sur les produits de consommation et bien d\u2019\u00e9quipement <\/em>: <a href=\"https:\/\/librairie.ademe.fr\/consommer-autrement\/1190-modelisation-et-evaluation-du-poids-carbone-de-produits-de-consommation-et-biens-d-equipement.html \">https:\/\/librairie.ademe.fr\/consommer-autrement\/1190-modelisation-et-evaluation-du-poids-carbone-de-produits-de-consommation-et-biens-d-equipement.html <\/a><\/figcaption><\/figure>\n\n\n\n<blockquote class=\"wp-block-quote is-layout-flow wp-block-quote-is-layout-flow\">\n<p>Note : Les r\u00e9sultats retenus dans la Base Carbone\u00ae correspondent \u00e0 un&nbsp;<strong>p\u00e9rim\u00e8tre<\/strong>&nbsp;\u00ab cradle to gate \u00bb&nbsp;<strong>\u00e9largi<\/strong>&nbsp;qui comptabilise les \u00e9missions li\u00e9es \u00e0 :<\/p>\n\n\n\n<ul class=\"wp-block-list\">\n<li>L\u2019extraction des mati\u00e8res premi\u00e8res<\/li>\n\n\n\n<li>L\u2019approvisionnement<\/li>\n\n\n\n<li>La mise en forme<\/li>\n\n\n\n<li>L\u2019assemblage<\/li>\n\n\n\n<li>La distribution<\/li>\n<\/ul>\n<cite><a href=\"https:\/\/bilans-ges.ademe.fr\/fr\/accueil\/documentation-gene\/index\/page\/produits_informatiques__electr\">https:\/\/bilans-ges.ademe.fr\/fr\/accueil\/documentation-gene\/index\/page\/produits_informatiques__electr<\/a><\/cite><\/blockquote>\n\n\n\n<h2 class=\"wp-block-heading\">Source:<\/h2>\n\n\n\n<p>ADEME &#8211; <a href=\"https:\/\/bilans-ges.ademe.fr\/fr\/accueil\">Base Carbone<\/a> &#8211; Smartphone &#8211; de moins de 4,5 pouces<\/p>\n\n\n\n<h3 class=\"wp-block-heading\">Lien<\/h3>\n\n\n\n<p>R\u00e9f\u00e9rence dans la Base Carbone : <a href=\"https:\/\/bilans-ges.ademe.fr\/documentation\/UPLOAD_DOC_FR\/ordinateurs_et_equuipements_pe.htm\">https:\/\/bilans-ges.ademe.fr\/documentation\/UPLOAD_DOC_FR\/ordinateurs_et_equuipements_pe.htm<\/a> <\/p>\n\n\n\n<h3 class=\"wp-block-heading\">Autres liens<\/h3>\n\n\n\n<p>Etude compl\u00e8te de l&rsquo;ADEME : <a href=\"https:\/\/librairie.ademe.fr\/consommer-autrement\/1190-modelisation-et-evaluation-du-poids-carbone-de-produits-de-consommation-et-biens-d-equipement.html\">https:\/\/librairie.ademe.fr\/consommer-autrement\/1190-modelisation-et-evaluation-du-poids-carbone-de-produits-de-consommation-et-biens-d-equipement.html<\/a><\/p>\n","protected":false},"excerpt":{"rendered":"<p>Smartphone : 1 smartphone (type iPhone 6\/8) Impact Carbone: 27 kg equivalent CO2 D\u00e9tails Mode de cacul Les \u00e9missions sont ici celles g\u00e9n\u00e9r\u00e9es par l&rsquo;ensemble de la chaine de production et distribution du produit. De l&rsquo;extraction des mati\u00e8res premi\u00e8res jusqu&rsquo;\u00e0 la porte du magasin. L\u2019\u00e9tude ADEME de 2018 \u00ab&nbsp;Mod\u00e9lisation et [&hellip;]<\/p>\n","protected":false},"author":1,"featured_media":0,"parent":0,"menu_order":0,"comment_status":"open","ping_status":"open","template":"","meta":{"footnotes":""},"categories":[4],"tags":[],"class_list":["post-43","page","type-page","status-publish","hentry","category-conso"],"_links":{"self":[{"href":"https:\/\/www.carbon-lean.com\/index.php\/wp-json\/wp\/v2\/pages\/43","targetHints":{"allow":["GET"]}}],"collection":[{"href":"https:\/\/www.carbon-lean.com\/index.php\/wp-json\/wp\/v2\/pages"}],"about":[{"href":"https:\/\/www.carbon-lean.com\/index.php\/wp-json\/wp\/v2\/types\/page"}],"author":[{"embeddable":true,"href":"https:\/\/www.carbon-lean.com\/index.php\/wp-json\/wp\/v2\/users\/1"}],"replies":[{"embeddable":true,"href":"https:\/\/www.carbon-lean.com\/index.php\/wp-json\/wp\/v2\/comments?post=43"}],"version-history":[{"count":5,"href":"https:\/\/www.carbon-lean.com\/index.php\/wp-json\/wp\/v2\/pages\/43\/revisions"}],"predecessor-version":[{"id":847,"href":"https:\/\/www.carbon-lean.com\/index.php\/wp-json\/wp\/v2\/pages\/43\/revisions\/847"}],"wp:attachment":[{"href":"https:\/\/www.carbon-lean.com\/index.php\/wp-json\/wp\/v2\/media?parent=43"}],"wp:term":[{"taxonomy":"category","embeddable":true,"href":"https:\/\/www.carbon-lean.com\/index.php\/wp-json\/wp\/v2\/categories?post=43"},{"taxonomy":"post_tag","embeddable":true,"href":"https:\/\/www.carbon-lean.com\/index.php\/wp-json\/wp\/v2\/tags?post=43"}],"curies":[{"name":"wp","href":"https:\/\/api.w.org\/{rel}","templated":true}]}}